 the prime factors of 104485?
5, 20897
What are the prime factors of 435?
3, 5, 29
What are the prime factors of 784?
2, 7
What are the prime factors of 28688?
2, 11, 163
List the prime factors of 1100.
2, 5, 11
List the prime factors of 1247.
29, 43
List the prime factors of 1843.
19, 97
What are the prime factors of 3911?
3911
List the prime factors of 4338.
2, 3, 241
What are the prime factors of 1274?
2, 7, 13
What are the prime factors of 950?
2, 5, 19
List the prime factors of 973.
7, 139
List the prime factors of 5346.
2, 3, 11
List the prime factors of 337.
337
What are the prime factors of 1026?
2, 3, 19
List the prime factors of 3835.
5, 13, 59
List the prime factors of 462.
2, 3, 7, 11
What are the prime factors of 8751?
3, 2917
What are the prime factors of 502?
2, 251
What are the prime factors of 12682?
2, 17, 373
What are the prime factors of 6096?
2, 3, 127
List the prime factors of 148.
2, 37
List the prime factors of 1672.
2, 11, 19
What are the prime factors of 7185?
3, 5, 479
List the prime factors of 30716.
2, 7, 1097
What are the prime factors of 910?
2, 5, 7, 13
What are the prime factors of 308?
2, 7, 11
What are the prime factors of 1464?
2, 3, 61
List the prime factors of 4682.
2, 2341
List the prime factors of 30480.
2, 3, 5, 127
What are the prime factors of 39855?
3, 5, 2657
List the prime factors of 50954.
2, 73, 349
List the prime factors of 4741.
11, 431
What are the prime factors of 1103?
1103
What are the prime factors of 505?
5, 101
List the prime factors of 1737.
3, 193
List the prime factors of 4094.
2, 23, 89
List the prime factors of 112023.
3, 461
List the prime factors of 1163.
1163
List the prime factors of 244.
2, 61
What are the prime factors of 314?
2, 157
What are the prime factors of 15333?
3, 19, 269
List the prime factors of 561.
3, 11, 17
What are the prime factors of 1134?
2, 3, 7
What are the prime factors of 115523?
115523
What are the prime factors of 1053?
3, 13
List the prime factors of 21267.
3, 17, 139
What are the prime factors of 3649?
41, 89
What are the prime factors of 12476?
2, 3119
What are the prime factors of 99937?
37, 73
List the prime factors of 950.
2, 5, 19
What are the prime factors of 315?
3, 5, 7
What are the prime factors of 11884?
2, 2971
What are the prime factors of 139277?
41, 43, 79
List the prime factors of 14849.
31, 479
What are the prime factors of 76213?
76213
List the prime factors of 8583.
3, 2861
List the prime factors of 1321.
1321
What are the prime factors of 136444?
2, 7, 11, 443
List the prime factors of 616.
2, 7, 11
List the prime factors of 1432.
2, 179
List the prime factors of 9487.
53, 179
What are the prime factors of 27214?
2, 11, 1237
List the prime factors of 84065.
5, 17, 23, 43
List the prime factors of 856.
2, 107
List the prime factors of 981.
3, 109
What are the prime factors of 1574?
2, 787
What are the prime factors of 6188?
2, 7, 13, 17
What are the prime factors of 37836?
2, 3, 1051
What are the prime factors of 2024?
2, 11, 23
What are the prime factors of 154336?
2, 7, 13, 53
List the prime factors of 32172.
2, 3, 7, 383
What are the prime factors of 1314?
2, 3, 73
List the prime factors of 4228.
2, 7, 151
List the prime factors of 1843.
19, 97
List the prime factors of 880.
2, 5, 11
List the prime factors of 675.
3, 5
What are the prime factors of 14494?
2, 7247
List the prime factors of 14749.
7, 43
List the prime factors of 487.
487
What are the prime factors of 1284?
2, 3, 107
List the prime factors of 12332.
2, 3083
What are the prime factors of 502?
2, 251
What are the prime factors of 425?
5, 17
List the prime factors of 1252.
2, 313
What are the prime factors of 1285?
5, 257
List the prime factors of 129716.
2, 32429
List the prime factors of 2079.
3, 7, 11
What are the prime factors of 464?
2, 29
List the prime factors of 138522.
2, 3, 23087
What are the prime factors of 214?
2, 107
List the prime factors of 91183.
91183
What are the prime factors of 17711?
89, 199
What are the prime factors of 16118?
2, 8059
List the prime factors of 526.
2, 263
What are the prime factors of 11933?
11933
List the prime factors of 1819.
17, 107
What are the prime factors of 71698?
2, 11, 3259
What are the prime factors of 137013?
3, 109, 419
List the prime factors of 1246.
2, 7, 89
What are the prime factors of 832?
2, 13
What are the prime factors of 653?
653
What are the prime factors of 78505?
5, 7, 2243
What are the prime factors of 1980?
2, 3, 5, 11
List the prime factors of 64834.
2, 7, 11, 421
List the prime factors of 4218.
2, 3, 19, 37
List the prime factors of 56718.
2, 3, 23, 137
What are the prime factors of 13286?
2, 7, 13, 73
List the prime factors of 80409.
3, 7, 547
What are the prime factors of 72137?
13, 31, 179
List the prime factors of 136208.
2, 8513
What are the prime factors of 16260?
2, 3, 5, 271
List the prime factors of 81543.
3, 7, 11, 353
List the prime factors of 2091.
3, 17, 41
List the prime factors of 845.
5, 13
What are the prime factors of 19364?
2, 47, 103
List the prime factors of 2517.
3, 839
What are the prime factors of 4818?
2, 3, 11, 73
List the prime factors of 5021.
5021
What are the prime factors of 6853?
7, 11, 89
What are the prime factors of 15742?
2, 17, 463
What are the prime factors of 3846?
2, 3, 641
List the prime factors of 3817.
11, 347
List the prime factors of 25118.
2, 19, 661
List the prime factors of 13929.
3, 4643
List the prime factors of 2835.
3, 5, 7
What are the prime factors of 526?
2, 263
List the prime factors of 18319.
7, 2617
What are the prime factors of 67688?
2, 8461
What are the prime factors of 3602?
2, 1801
List the prime factors of 20508.
2, 3, 1709
What are the prime factors of 4984?
2, 7, 89
List the prime factors of 5144.
2, 643
List the prime factors of 2011.
2011
What are the prime factors of 14?
2, 7
List the prime factors of 341.
11, 31
List the prime factors of 1293.
3, 431
List the prime factors of 4652.
2, 1163
List the prime factors of 2340.
2, 3, 5, 13
What are the prime factors of 173?
173
What are the prime factors of 10785?
3, 5, 719
List the prime factors of 72465.
3, 5, 4831
What are the prime factors of 32890?
2, 5, 11, 13, 23
What are the prime factors of 926?
2, 463
List the prime factors of 14173.
14173
List the prime factors of 1691.
19, 89
What are the prime factors of 65228?
2, 23, 709
What are the prime factors of 73385?
5, 13, 1129
What are the prime factors of 1073?
29, 37
What are the prime factors of 116322?
2, 3, 19387
List the prime factors of 6879.
3, 2293
List the prime factors of 1021.
1021
What are the prime factors of 332?
2, 83
What are the prime factors of 2640?
2, 3, 5, 11
What are the prime factors of 4607?
17, 271
What are the prime factors of 682?
2, 11, 31
List the prime factors of 845.
5, 13
What are the prime factors of 1244?
2, 311
List the prime factors of 9055.
5, 1811
List the prime factors of 43301.
19, 43, 53
List the prime factors of 2633.
2633
List the prime factors of 10589.
10589
What are the prime factors of 10546?
2, 5273
What are the prime factors of 12454?
2, 13, 479
List the prime factors of 4744.
2, 593
List the prime factors of 39845.
5, 13, 613
List the prime factors of 915.
3, 5, 61
What are the prime factors of 50326?
2, 25163
List the prime factors of 78.
2, 3, 13
List the prime factors of 2180.
2, 5, 109
What are the prime factors of 20263?
23, 881
What are the prime factors of 132201?
3, 37, 397
List the prime factors of 10232.
2, 1279
List the prime factors of 17612.
2, 7, 17, 37
What are the prime factors of 56721?
3, 7, 37, 73
What are the prime factors of 969?
3, 17, 19
What are the prime factors of 163?
163
What are the prime factors of 22190?
2, 5, 7, 317
List the prime factors of 2763.
3, 307
List the prime factors of 9447.
3, 47, 67
What are the prime factors of 5585?
5, 1117
What are the prime factors of 1692?
2, 3, 47
List the prime factors of 32740.
2, 5, 1637
List the prime factors of 3846.
2, 3, 641
What are the prime factors of 1755?
3, 5, 13
What are the prime factors of 37?
37
What are the prime factors of 3363?
3, 19, 59
What are the prime factors of 15805?
5, 29, 109
List the prime factors of 1662.
2, 3, 277
List the prime factors of 2612.
2, 653
List the prime factors of 58